on divisor of i and u.
2
Suppose 0 = -10*j + 7*j + 6. Suppose -j*r = -123 - 81. Let z = -17 + 34. Calculate the greatest common divisor of r and z.
17
Let f = 2354 + -2319. Calculate the highest common factor of f and 80.
5
Let f be (-4)/6 - (-484)/6. Let r be (-1320)/(-130) + (-8)/52. Calculate the greatest common divisor of f and r.
10
Suppose 3*k = -v + k + 74, 3*v = -k + 197. Suppose 33*h - 31 = 32*h. Suppose -2*z - 5*c = -h, -3*z - c + 35 = z. What is the greatest common factor of v and z?
8
Suppose -17*j - 27*j = -440. Calculate the highest common factor of 50 and j.
10
Let j(k) = -k**3 - 6*k**2 - 8*k - 5. Suppose 0 = 4*x - 16. Suppose x*y + 30 = -2*y. Let i be j(y). What is the highest common divisor of 30 and i?
10
Suppose -3*m = -m + 2*g - 608, 3*g = -3. Suppose 5*s - 753 = -3*x, -2*s - 2*x + m = 3*x. Calculate the greatest common divisor of 60 and s.
30
Let o(y) = 2*y - 9. Let v be o(-7). Let c = v + 32. Let t be 223/c + (-4)/(-18). What is the highest common divisor of t and 25?
25
Let n(m) be the first derivative of -7*m**4/2 - 2*m**3/3 - 2*m**2 - 2*m + 23. Let b be n(-1). What is the highest common divisor of b and 266?
14
Let c = 124 + -113. Suppose 5*b - b = 0. Let g be 14 + (-9)/3 + b. What is the greatest common divisor of g and c?
11
Let o(p) = -p - 2. Let v be o(-2). Suppose 3*f + 10 - 43 = v. Let w be (-3)/(-1)*(f - 0). What is the highest common factor of 3 and w?
3
Let j = -1 - -55. Let m = j + -9. Calculate the highest common divisor of m and 30.
15
Let o(g) = 4*g**2. Let x be o(1). Suppose 5*n - 44 = -x. Let z(y) = -32*y**2 + 35*y - 1. Let j be z(1). What is the highest common divisor of n and j?
2
Let x(j) = 5*j**2 - 20*j + 1. Let y be x(5). Let u be (1 + y*1)*1/3. What is the highest common factor of u and 9?
9
Suppose -15 = t + 2*t. Let z = t + 47. Suppose -56 = -9*q + 5*q. Calculate the greatest common divisor of q and z.
14
Let s(r) = -21 + r**2 - 355*r - 7 + 360*r. Let n be s(8). Calculate the greatest common factor of 38 and n.
38
Let r = 76 - 25. Suppose -5*v - r = -2*v. Let s = v - -27. Calculate the highest common divisor of s and 25.
5
Let d = -681 - -1143. Suppose 4*a = -7*a + d. Calculate the greatest common factor of 21 and a.
21
Let a = 623 + -435. Suppose a = 5*v + 2*y, -y - 115 = -4*v + v. Let x(z) = 13*z + 5. Let h be x(4). What is the greatest common factor of h and v?
19
Let t be (2/(-4) - (-52)/8) + 786. What is the highest common factor of t and 330?
66
Suppose 12*v - 1188 = 3*v. Calculate the highest common factor of 60 and v.
12
Let r(u) = 2*u**2 + 8*u + 12. Let y be r(-7). Let t = -129 + 264. What is the highest common factor of t and y?
27
Let b be 2/1 - 4/(-1). Let y(j) = j**2 + j + 65. Let h be y(0). Let x = -23 + h. What is the highest common factor of b and x?
6
Let j = -15 - -26. Suppose 2*t + 72 = 2*i, 7*t - 6*t = -3. What is the greatest common factor of i and j?
11
Let z = 34 - 58. Let x = 39 + z. Calculate the greatest common factor of 10 and x.
5
Let q(k) be the first derivative of k**4/4 + 11*k**3/3 + 13*k**2/2 + 4. Let j = -3 - 6. Let v be q(j). Calculate the greatest common divisor of 18 and v.
9
Let k = -32 + 7. Let u(q) = -7*q - 4. Let t be u(-7). Let d = t + k. Calculate the highest common factor of d and 50.
10
Suppose -3*c + 30 = 9. Suppose 5*f - 45 = 5*i, -5 = -3*f - 2*i + c. Suppose -4*a + 77 - 5 = 0. What is the highest common factor of a and f?
6
Let l be 4*(284/16 - 2). Let m = 99 - l. Calculate the greatest common divisor of m and 24.
12
Suppose 0 = 3*s - 68 - 76. Let f(x) = x**3 + 9*x**2 + 6*x. Let a be f(-6). What is the greatest common divisor of a and s?
24
Let a(d) = 8*d + 12. Let k be a(5). Let w = k - -6. Let g be (w - 2)*3/4. Calculate the greatest common divisor of g and 105.
21
Let x = 383 - 305. Calculate the highest common factor of x and 130.
26
Let f(w) = -w**3 - 7*w**2 - 6*w - 4. Let t be f(-7). Suppose -77*j - 741 = -90*j. What is the highest common divisor of t and j?
19
Suppose 0 = -15*j + 99 + 126. What is the highest common factor of j and 25?
5
Suppose t - 5*t + 28 = 0. Let u = -33 - 0. Let a = u + 47. Calculate the greatest common factor of a and t.
7
Suppose 0 = 4*t, -20*p = -16*p + 2*t - 1200. What is the highest common factor of p and 60?
60
Let i(f) = -2*f**2 + 22*f + 16. Let p be i(11). What is the highest common factor of p and 72?
8
Suppose 2*i = -s + 84, 74 = s - 3*i - 0*i. Let n(x) = -103*x - 289. Let b be n(-3). What is the highest common divisor of s and b?
20
Let s be (-538)/(-10) - 1/(-5). Calculate the highest common factor of 81 and s.
27
Let x = 3 + 4. Let r = 9 - x. Suppose 0 = p + 1 - r. What is the highest common factor of p and 2?
1
Let n(c) = 8*c**2 + 3*c - 2. Let r be n(1). Suppose 0 = 5*b - 15 - 0. Let i be (4/b)/((-1)/(-27)). Calculate the greatest common factor of i and r.
9
Let g be (-26)/4*(-2 - 0). Suppose 1662 = -3*c + 9*c. Suppose 3*t - c - 152 = 0. What is the greatest common factor of g and t?
13
Let b be 1/2 + (2541/14)/(-3). Let v be ((-10)/4)/(5/b). What is the highest common divisor of v and 15?
15
Let s be (-1)/5 + 5244/(-30). Let t = 319 + s. What is the greatest common factor of 16 and t?
16
Suppose -y + 4*v = 10, -y = y - 3*v + 5. Suppose 2*q + 3*o - 51 = -q, 0 = 3*q - y*o - 56. What is the greatest common divisor of 2 and q?
2
Let y(h) = -h**3 + 11*h**2 + 3*h - 179. Let t be y(6). Let n(v) = 39*v**2 - 2*v + 1. Let q be n(1). Calculate the greatest common factor of q and t.
19
Let o(g) = -5*g**3 - 5*g**2 - 2*g + 5. Let z be o(-3). Let f = z + -97. What is the highest common divisor of f and 28?
4
Let t = -366 - -392. Calculate the greatest common divisor of t and 416.
26
Let v be 0/(4 - (-6)/(-3)). Suppose v = -d + 3*d - 108. What is the highest common factor of 6 and d?
6
Let a = 552 - 244. Let y be 4/1 + (-51 - 10). Let j = -29 - y. Calculate the greatest common divisor of j and a.
28
Let j = 296 - -374. Let n = j + -400. Suppose n = 4*l + 5*d, -4*d = -7*d - 6. What is the highest common divisor of 28 and l?
14
Let d(t) = -t**2 + 16*t + 8. Let x be d(16). Suppose 3*o - x*o + 65 = 0. What is the highest common divisor of 39 and o?
13
Let k(p) = -p - 3. Let x be k(-4). Suppose 83*i = 545 - 130. What is the greatest common factor of x and i?
1
Let p = -3 - -77. Suppose -5*s + 940 = -3*l, -s = 5*l - 26 - 134. Calculate the highest common factor of s and p.
37
Suppose -22*y - 45*y = -5628. What is the greatest common factor of y and 36?
12
Suppose 770 = 4*a + a. Suppose 0 = 3*d + 55 - a. What is the highest common factor of d and 3?
3
Let k(n) = 7*n + 59. Let m be k(-7). What is the highest common divisor of 530 and m?
10
Let g = 68 - 41. Suppose 6*n - 2*n + 8 = 0, 0 = 5*a + n + g. Let v(p) = p**2 - 2*p - 11. Let y be v(a). What is the highest common factor of y and 120?
24
Suppose -h = -3*v - 16, 34 = 4*h + 4*v + 2. Suppose -f + 5 = -5*d + 10, 3*d - h = 2*f. Suppose 6*c - c - 5 = d. What is the highest common factor of c and 1?
1
Suppose 3*l = 5*k - 132 + 6, -2*k = 0. Let d be 1*8/((-16)/l). Calculate the highest common factor of d and 3.
3
Suppose -101*w + 4*h - 928 = -103*w, -3*h = 2*w - 931. What is the highest common divisor of w and 658?
94
Suppose 5*p - 4*o - 385 = 0, -4*o - 142 = -45*p + 43*p. What is the highest common divisor of p and 162?
81
Let k = 2 + -1. Let y be 11 - (5 + -2)/k. Suppose -4*m + 16 = 3*f, 0*f - f - y = 4*m. What is the highest common factor of f and 12?
12
Suppose 7*i = 2*i + 25. Suppose 60 = -0*u + i*u. What is the greatest common factor of u and 6?
6
Let d = -42 - -59. Let p = -85 + 102. Calculate the greatest common divisor of d and p.
17
Let r be (-8682)/(-42) - (-8)/28. Calculate the greatest common divisor of 27 and r.
9
Let m(v) = -4903*v**3 + 3*v**2 + 32*v + 28. Let s be m(-1). What is the greatest common factor of 114 and s?
114
Let b = -32 + 47. Let y be 13/(-1) - 15/(-15). Let f be (y/5)/(16/(-200)). What is the greatest common factor of b and f?
15
Let k(z) = -3 + 3 - 1 - 2*z - 7. Let i be k(-6). Suppose -5*t - y + 222 - 5 = 0, t - 5*y - 59 = 0. Calculate the greatest common divisor of t and i.
4
Let x = 6 + -1. Suppose -4*o - 3 = -x*o. Suppose -2*q + 55 = o*q. What is the highest common factor of q and 88?
11
Let o(w) = -64*w - 1. Let y be o(-5). Let m = 235 + -91. 